Dec 02 00:25:16.588 INFO testing arathunku/rulsp against master#8940af3cea4a9a9deabcaf843b2f8cad9a83fc61 for beta-1.31-5
Dec 02 00:25:16.588 INFO running `"docker" "create" "-v" "/mnt/big/crater/work/local/target-dirs/beta-1.31-5/worker-3/master#8940af3cea4a9a9deabcaf843b2f8cad9a83fc61:/target:rw,Z" "-v" "/mnt/big/crater/work/local/test-source/worker-3/beta-1.31-5/master#8940af3cea4a9a9deabcaf843b2f8cad9a83fc61:/source:ro,Z" "-v" "/mnt/big/crater/work/local/cargo-home:/cargo-home:ro,Z" "-v" "/mnt/big/crater/work/local/rustup-home:/rustup-home:ro,Z" "-e" "USER_ID=1000" "-e" "SOURCE_DIR=/source" "-e" "USER_ID=1000" "-e" "CMD=cargo +8940af3cea4a9a9deabcaf843b2f8cad9a83fc61-alt build --frozen" "-e" "CARGO_TARGET_DIR=/target" "-e" "CARGO_INCREMENTAL=0" "-e" "RUST_BACKTRACE=full" "-e" "RUSTFLAGS=--cap-lints=warn" "-e" "CARGO_HOME=/cargo-home" "-e" "RUSTUP_HOME=/rustup-home" "-m" "1536M" "--network" "none" "crater"`
Dec 02 00:25:16.943 INFO [stdout] fe65e23cca2d3e38b37bfb5f8baebe4d8275c78fd37600d3ce5c2ee1be0740fb
Dec 02 00:25:16.949 INFO running `"docker" "start" "-a" "fe65e23cca2d3e38b37bfb5f8baebe4d8275c78fd37600d3ce5c2ee1be0740fb"`
Dec 02 00:25:17.598 INFO [stderr] usermod: no changes
Dec 02 00:25:17.665 INFO [stderr]    Compiling regex-syntax v0.3.7
Dec 02 00:25:17.667 INFO [stderr]    Compiling nix v0.5.1
Dec 02 00:25:24.128 INFO [stderr]    Compiling regex v0.1.77
Dec 02 00:25:24.247 INFO [stderr]    Compiling rustyline v1.0.0
Dec 02 00:25:37.099 INFO [stderr]    Compiling env_logger v0.3.5
Dec 02 00:25:38.467 INFO [stderr]    Compiling rulsp v0.1.0 (/source)
Dec 02 00:25:39.377 INFO [stderr] error[E0554]: #![feature] may not be used on the beta release channel
Dec 02 00:25:39.377 INFO [stderr]  --> src/main.rs:1:1
Dec 02 00:25:39.377 INFO [stderr]   |
Dec 02 00:25:39.377 INFO [stderr] 1 | #![feature(field_init_shorthand)]
Dec 02 00:25:39.377 INFO [stderr]   | ^^^^^^^^^^^^^^^^^^^^^^^^^^^^^^^^^
Dec 02 00:25:39.377 INFO [stderr] 
Dec 02 00:25:39.377 INFO [stderr] error[E0554]: #![feature] may not be used on the beta release channel
Dec 02 00:25:39.377 INFO [stderr]  --> src/main.rs:2:1
Dec 02 00:25:39.377 INFO [stderr]   |
Dec 02 00:25:39.377 INFO [stderr] 2 | #![feature(test)]
Dec 02 00:25:39.377 INFO [stderr]   | ^^^^^^^^^^^^^^^^^
Dec 02 00:25:39.377 INFO [stderr] 
Dec 02 00:25:39.377 INFO [stderr] error[E0554]: #![feature] may not be used on the beta release channel
Dec 02 00:25:39.377 INFO [stderr]  --> src/main.rs:4:1
Dec 02 00:25:39.377 INFO [stderr]   |
Dec 02 00:25:39.377 INFO [stderr] 4 | #![feature(alloc_system)]
Dec 02 00:25:39.377 INFO [stderr]   | ^^^^^^^^^^^^^^^^^^^^^^^^^
Dec 02 00:25:39.377 INFO [stderr] 
Dec 02 00:25:39.377 INFO [stderr] error: aborting due to 3 previous errors
Dec 02 00:25:39.377 INFO [stderr] 
Dec 02 00:25:39.377 INFO [stderr] For more information about this error, try `rustc --explain E0554`.
Dec 02 00:25:39.389 INFO [stderr] error: Could not compile `rulsp`.
Dec 02 00:25:39.389 INFO [stderr] 
Dec 02 00:25:39.389 INFO [stderr] To learn more, run the command again with --verbose.
Dec 02 00:25:39.389 INFO [stderr] su: No module specific data is present
Dec 02 00:25:39.896 INFO running `"docker" "inspect" "fe65e23cca2d3e38b37bfb5f8baebe4d8275c78fd37600d3ce5c2ee1be0740fb"`
Dec 02 00:25:40.022 INFO running `"docker" "rm" "-f" "fe65e23cca2d3e38b37bfb5f8baebe4d8275c78fd37600d3ce5c2ee1be0740fb"`
Dec 02 00:25:40.165 INFO [stdout] fe65e23cca2d3e38b37bfb5f8baebe4d8275c78fd37600d3ce5c2ee1be0740fb
